{"id":8,"date":"2026-04-11T09:01:58","date_gmt":"2026-04-11T09:01:58","guid":{"rendered":"https:\/\/onboarding.marcoteentrena.com\/?page_id=8"},"modified":"2026-04-11T16:49:01","modified_gmt":"2026-04-11T16:49:01","slug":"primeros-pasos","status":"publish","type":"page","link":"https:\/\/onboarding.marcoteentrena.com\/","title":{"rendered":"PRIMEROS PASOS"},"content":{"rendered":"\t\t<div data-elementor-type=\"wp-page\" data-elementor-id=\"8\" class=\"elementor elementor-8\">\n\t\t\t\t<div class=\"elementor-element elementor-element-7c6d987 e-flex e-con-boxed e-con e-parent\" data-id=\"7c6d987\" data-element_type=\"container\" data-e-type=\"container\">\n\t\t\t\t\t<div class=\"e-con-inner\">\n\t\t\t\t<div class=\"elementor-element elementor-element-643ddb3 elementor-widget elementor-widget-image\" data-id=\"643ddb3\" data-element_type=\"widget\" data-e-type=\"widget\" data-widget_type=\"image.default\">\n\t\t\t\t\t\t\t\t\t\t\t\t\t\t\t<img decoding=\"async\" width=\"150\" height=\"150\" src=\"https:\/\/onboarding.marcoteentrena.com\/wp-content\/uploads\/2026\/04\/Marcoteentrena-150x150.png\" class=\"attachment-thumbnail size-thumbnail wp-image-12\" alt=\"\" srcset=\"https:\/\/onboarding.marcoteentrena.com\/wp-content\/uploads\/2026\/04\/Marcoteentrena-150x150.png 150w, https:\/\/onboarding.marcoteentrena.com\/wp-content\/uploads\/2026\/04\/Marcoteentrena-300x300.png 300w, https:\/\/onboarding.marcoteentrena.com\/wp-content\/uploads\/2026\/04\/Marcoteentrena.png 500w\" sizes=\"(max-width: 150px) 100vw, 150px\" \/>\t\t\t\t\t\t\t\t\t\t\t\t\t\t\t<\/div>\n\t\t\t\t\t<\/div>\n\t\t\t\t<\/div>\n\t\t<div class=\"elementor-element elementor-element-08d7170 e-flex e-con-boxed e-con e-parent\" data-id=\"08d7170\" data-element_type=\"container\" data-e-type=\"container\">\n\t\t\t\t\t<div class=\"e-con-inner\">\n\t\t\t\t<div class=\"elementor-element elementor-element-35fe15c elementor-invisible elementor-widget elementor-widget-heading\" data-id=\"35fe15c\" data-element_type=\"widget\" data-e-type=\"widget\" data-settings=\"{&quot;_animation&quot;:&quot;fadeInDown&quot;}\" data-widget_type=\"heading.default\">\n\t\t\t\t\t<h2 class=\"elementor-heading-title elementor-size-default\">\u00a1<b>ENHORABUENA<\/b>!<\/h2>\t\t\t\t<\/div>\n\t\t\t\t\t<\/div>\n\t\t\t\t<\/div>\n\t\t\t\t<div class=\"elementor-element elementor-element-e1bfd09 e-con e-atomic-element e-flexbox-base e-e1bfd09-044883f\" data-id=\"e1bfd09\" data-element_type=\"e-flexbox\" data-e-type=\"e-flexbox\" data-interaction-id=\"e1bfd09\">\n\t\t\t\t\t\t\t\t<p class=\"e-ed7a508-950b96a e-paragraph-base\" data-interaction-id=\"ed7a508\"  >\n\t\t\t\t\t\t\t\tAcabas de firmar el contrato que te llevar\u00e1 a transformar tu estilo de vida\n\t\t\t\t\t<\/p>\n\t\t\t\t<\/div>\n\t\t<div class=\"elementor-element elementor-element-1da6af6 e-flex e-con-boxed e-con e-parent\" data-id=\"1da6af6\" data-element_type=\"container\" data-e-type=\"container\">\n\t\t\t\t\t<div class=\"e-con-inner\">\n\t\t\t\t\t\t\t\t<p class=\"e-ab6e968-b893c6c e-paragraph-base\" data-interaction-id=\"ab6e968\"  >\n\t\t\t\t\t\t\t\t<strong id=\"e-mnuiyvgw-67h5bcf\">No hay vuelta atr\u00e1s, tu cambio f\u00edsico y mental empieza YA<\/strong>\n\t\t\t\t\t<\/p>\n\t\t\t\t\t\t\t\t<p class=\"e-1056af5-4c471ec e-paragraph-base\" data-interaction-id=\"1056af5\"  >\n\t\t\t\t\t\t\t\t\u00a1Y yo orgulloso de poder ayudarte en ese proceso!\n\t\t\t\t\t<\/p>\n\t\t\t\t\t<\/div>\n\t\t\t\t<\/div>\n\t\t<div class=\"elementor-element elementor-element-b147c55 e-transform e-flex e-con-boxed elementor-invisible e-con e-parent\" data-id=\"b147c55\" data-element_type=\"container\" data-e-type=\"container\" data-settings=\"{&quot;animation&quot;:&quot;fadeInDown&quot;,&quot;_transform_skewX_effect&quot;:{&quot;unit&quot;:&quot;px&quot;,&quot;size&quot;:&quot;&quot;,&quot;sizes&quot;:[]},&quot;_transform_skewX_effect_tablet&quot;:{&quot;unit&quot;:&quot;deg&quot;,&quot;size&quot;:&quot;&quot;,&quot;sizes&quot;:[]},&quot;_transform_skewX_effect_mobile&quot;:{&quot;unit&quot;:&quot;deg&quot;,&quot;size&quot;:&quot;&quot;,&quot;sizes&quot;:[]},&quot;_transform_skewY_effect&quot;:{&quot;unit&quot;:&quot;px&quot;,&quot;size&quot;:&quot;&quot;,&quot;sizes&quot;:[]},&quot;_transform_skewY_effect_tablet&quot;:{&quot;unit&quot;:&quot;deg&quot;,&quot;size&quot;:&quot;&quot;,&quot;sizes&quot;:[]},&quot;_transform_skewY_effect_mobile&quot;:{&quot;unit&quot;:&quot;deg&quot;,&quot;size&quot;:&quot;&quot;,&quot;sizes&quot;:[]}}\">\n\t\t\t\t\t<div class=\"e-con-inner\">\n\t\t\t\t<div class=\"elementor-element elementor-element-10751ba elementor-widget elementor-widget-heading\" data-id=\"10751ba\" data-element_type=\"widget\" data-e-type=\"widget\" data-widget_type=\"heading.default\">\n\t\t\t\t\t<h2 class=\"elementor-heading-title elementor-size-default\">BIENVENIDO AL EQUIPO<\/h2>\t\t\t\t<\/div>\n\t\t\t\t\t<\/div>\n\t\t\t\t<\/div>\n\t\t\t\t<div class=\"elementor-element elementor-element-d0529aa e-con e-atomic-element e-flexbox-base\" data-id=\"d0529aa\" data-element_type=\"e-flexbox\" data-e-type=\"e-flexbox\" data-interaction-id=\"d0529aa\">\n\t\t\t\t\t\t\t\t<div style=\"width:100%; background-color: rgb(245, 245, 245); aspect-ratio: 16\/9; display: flex; align-items: center; justify-content: center;\">\n\t<svg width=\"64\" height=\"64\" viewBox=\"0 0 64 64\" fill=\"none\" xmlns=\"http:\/\/www.w3.org\/2000\/svg\">\n\t\t<path d=\"M17.6902 8.92189C18.3227 8.56844 19.0991 8.58381 19.7162 8.96355L54.3829 30.2969C54.9738 30.661 55.3334 31.3059 55.3334 32C55.3334 32.6941 54.9738 33.339 54.3829 33.7031L19.7162 55.0365C19.0991 55.4162 18.3227 55.4316 17.6902 55.0781C17.0584 54.7245 16.6667 54.0574 16.6667 53.3333V10.6667L16.685 10.3984C16.7685 9.7807 17.1373 9.23132 17.6902 8.92189ZM20.6667 49.7526L49.5157 32L20.6667 14.2448V49.7526Z\" fill=\"black\" fill-opacity=\"0.54\"\/>\n\t<\/svg>\n\t<\/div>\n\t\t\t\t\t<\/div>\n\t\t\t\t<\/div>\n\t\t","protected":false},"excerpt":{"rendered":"<p>\u00a1ENHORABUENA! Acabas de firmar el contrato que te llevar\u00e1 a transformar tu estilo de vida No hay vuelta atr\u00e1s, tu cambio f\u00edsico y mental empieza YA \u00a1Y yo orgulloso de poder ayudarte en ese proceso! BIENVENIDO AL EQUIPO<\/p>\n","protected":false},"author":1,"featured_media":0,"parent":0,"menu_order":0,"comment_status":"closed","ping_status":"closed","template":"elementor_canvas","meta":{"footnotes":""},"class_list":["post-8","page","type-page","status-publish","hentry"],"_links":{"self":[{"href":"https:\/\/onboarding.marcoteentrena.com\/index.php\/wp-json\/wp\/v2\/pages\/8","targetHints":{"allow":["GET"]}}],"collection":[{"href":"https:\/\/onboarding.marcoteentrena.com\/index.php\/wp-json\/wp\/v2\/pages"}],"about":[{"href":"https:\/\/onboarding.marcoteentrena.com\/index.php\/wp-json\/wp\/v2\/types\/page"}],"author":[{"embeddable":true,"href":"https:\/\/onboarding.marcoteentrena.com\/index.php\/wp-json\/wp\/v2\/users\/1"}],"replies":[{"embeddable":true,"href":"https:\/\/onboarding.marcoteentrena.com\/index.php\/wp-json\/wp\/v2\/comments?post=8"}],"version-history":[{"count":10,"href":"https:\/\/onboarding.marcoteentrena.com\/index.php\/wp-json\/wp\/v2\/pages\/8\/revisions"}],"predecessor-version":[{"id":27,"href":"https:\/\/onboarding.marcoteentrena.com\/index.php\/wp-json\/wp\/v2\/pages\/8\/revisions\/27"}],"wp:attachment":[{"href":"https:\/\/onboarding.marcoteentrena.com\/index.php\/wp-json\/wp\/v2\/media?parent=8"}],"curies":[{"name":"wp","href":"https:\/\/api.w.org\/{rel}","templated":true}]}}